{"id":3010,"date":"2026-04-21T09:08:36","date_gmt":"2026-04-21T09:08:36","guid":{"rendered":"https:\/\/www.madoantepia.com\/?post_type=product&#038;p=3010"},"modified":"2026-04-21T09:34:57","modified_gmt":"2026-04-21T09:34:57","slug":"menemenli-kahvalti-sinisi","status":"publish","type":"product","link":"https:\/\/www.madoantepia.com\/index.php\/product\/menemenli-kahvalti-sinisi\/","title":{"rendered":"Menemenli Kahvalt\u0131 Sinisi"},"content":{"rendered":"","protected":false},"excerpt":{"rendered":"<p>Menemenli Kahvalt\u0131 Sinisi<br \/>\nSahanda menemen, \u00e7iftli\u011fimizden Mara\u015f peyniri, ceviz, kuru kay\u0131s\u0131,<br \/>\npetek bal, kaymak, ye\u015fil &#038; siyah zeytin, iki dilim Mara\u015f peynirli su<br \/>\nb\u00f6re\u011fi, kiraz domates, salatal\u0131k, maydanoz, patates k\u0131zartmas\u0131 ve<br \/>\nmevsim meyveleri ile.<br \/>\n*Kahvalt\u0131n\u0131z s\u00fcresince iki ki\u015filik s\u0131n\u0131rs\u0131z \u00e7ay.<\/p>\n","protected":false},"featured_media":3011,"comment_status":"closed","ping_status":"closed","template":"","meta":{"_acf_changed":false,"inline_featured_image":false},"product_brand":[],"product_cat":[115],"product_tag":[450,449,448,447],"class_list":{"0":"post-3010","1":"product","2":"type-product","3":"status-publish","4":"has-post-thumbnail","6":"product_cat-gun-boyu-kahvalti","7":"product_tag-antepia-kahvalti","8":"product_tag-gaziantep-kahvalti-cesitleri","9":"product_tag-kahvalti","10":"product_tag-menemenli-kahvalti-sinisi","12":"first","13":"instock","14":"shipping-taxable","15":"product-type-simple"},"acf":[],"_links":{"self":[{"href":"https:\/\/www.madoantepia.com\/index.php\/wp-json\/wp\/v2\/product\/3010","targetHints":{"allow":["GET"]}}],"collection":[{"href":"https:\/\/www.madoantepia.com\/index.php\/wp-json\/wp\/v2\/product"}],"about":[{"href":"https:\/\/www.madoantepia.com\/index.php\/wp-json\/wp\/v2\/types\/product"}],"replies":[{"embeddable":true,"href":"https:\/\/www.madoantepia.com\/index.php\/wp-json\/wp\/v2\/comments?post=3010"}],"wp:featuredmedia":[{"embeddable":true,"href":"https:\/\/www.madoantepia.com\/index.php\/wp-json\/wp\/v2\/media\/3011"}],"wp:attachment":[{"href":"https:\/\/www.madoantepia.com\/index.php\/wp-json\/wp\/v2\/media?parent=3010"}],"wp:term":[{"taxonomy":"product_brand","embeddable":true,"href":"https:\/\/www.madoantepia.com\/index.php\/wp-json\/wp\/v2\/product_brand?post=3010"},{"taxonomy":"product_cat","embeddable":true,"href":"https:\/\/www.madoantepia.com\/index.php\/wp-json\/wp\/v2\/product_cat?post=3010"},{"taxonomy":"product_tag","embeddable":true,"href":"https:\/\/www.madoantepia.com\/index.php\/wp-json\/wp\/v2\/product_tag?post=3010"}],"curies":[{"name":"wp","href":"https:\/\/api.w.org\/{rel}","templated":true}]}}